 = 3*b(l) + 10*v(l). Calculate o(3).
-12
Let f(t) = -t**2 + 4*t - 1. Suppose -90 = b - 92. Give f(b).
3
Let b(d) = -d**3 + 3*d - 3. Let v = -126 - -67. Let t = 61 + v. Calculate b(t).
-5
Let k be ((-19 - -18)/(-1))/(1/4). Suppose 0 = -3*w - 4*f + 34, 2*w + f - 2 - 14 = 0. Let i(u) = w*u + 0*u - 5*u - 9. What is i(k)?
-5
Suppose -5 = -5*i - 55. Let p be (-25)/i + (-2)/4. Let m(o) = 1 + p*o - 3*o - o + 3*o. Calculate m(-4).
-3
Let g(w) be the second derivative of -w**4/12 + 4*w**3/3 - 9*w**2/2 + 123*w. Determine g(6).
3
Let g(h) = -h + 4. Let w be 13/4 - (-1)/(-4). Suppose -3*x + 2*x - 26 = 5*a, -a = w. Give g(x).
15
Let h be (22/33*10)/((-2)/(-3)). Let d(f) = f**3 - 10*f**2 + 3. Calculate d(h).
3
Let u(s) be the third derivative of s**5/30 - s**4/3 + 2*s**3/3 - 332*s**2. What is u(6)?
28
Let f = 74 + -60. Let o(n) = 3*n - 38. Give o(f).
4
Let j = 33 - 32. Let v(u) = -26*u + 1. Let y(m) = -25*m + 2. Let r(o) = 3*v(o) - 2*y(o). Determine r(j).
-29
Let v(a) = a**2 + a - 1. Let d(g) = -8*g**2 - 5*g + 5. Let x(o) = d(o) + 6*v(o). Suppose 0 = 10*i + 38 + 2. Let y = 5 + i. What is x(y)?
-2
Let h(g) = -g**3 + 11*g**2 - 12*g + 24. Let j be -10 + 1 + 8 + 11. Calculate h(j).
4
Let h = -17 - -10. Let u = h + 6. Let i be u/4 - 2/(-8). Let v(z) = -z**3 + z**2 + 5. Give v(i).
5
Let f(a) = 33*a - 2. Let d(n) = 70*n + 1. Let j(m) = -3*d(m) + 7*f(m). Calculate j(1).
4
Let b(k) = -k + 7 + 7*k - k**2 - 3*k. Let h be b(5). Let z(i) = -i**2 - 3*i. Determine z(h).
0
Suppose 2*b + 2*v - 14 = 4*b, -3*v = -6. Let i(d) = 3 - 6*d**2 + 2*d + 6*d**2 + d**2 + 3*d. Give i(b).
3
Let x(r) = 7*r**3 - 6*r + 8. Let c(k) = -2*k**3 - 2*k**2. Let b(d) = 3*c(d) + x(d). Calculate b(6).
-28
Let z be 123/6*-1*5*-2. Let v = z - 209. Let o(l) = l**2 + 10*l - 8. Let j(w) = -w**2 - 11*w + 9. Let k(u) = 5*j(u) + 6*o(u). Determine k(v).
-7
Suppose -c - 18 = -5*m, -m + 13*c + 2 = 12*c. Let n be (0 - -2) + (-1 - -1). Let k(g) = g + 2 + 4 - g**2 - m - n*g**2. What is k(-2)?
-12
Let m(d) be the third derivative of 1/60*d**5 + 0*d + 0 + 1/24*d**4 + 1/3*d**3 + 7*d**2. Determine m(4).
22
Let y(s) = -3 + 0*s + 2 - 2*s**2 + s. Let x(h) = h**3 - 9*h**2 - 9*h - 2. Let c be x(10). Suppose f = -2*r - 4*f - c, -3*f - 6 = 0. What is y(r)?
-2
Let z = 440 - 435. Let b(v) be the third derivative of 1/120*v**6 + 2/3*v**3 + 0*v + 5/24*v**4 - z*v**2 - 1/10*v**5 + 0. Give b(5).
4
Suppose -4*u + 0 + 4 = 2*m, -8 = -2*u. Let a(w) = w**3 + 7*w**2 + 5*w - 7. Determine a(m).
-1
Let y(z) = -2*z - 1. Let v(h) = 6 - 6*h + 5*h + 2. Let k be v(6). Suppose -k = -2*j + 3*n - 8, 3*j - 2*n + 9 = 0. What is y(j)?
5
Let i be 1 + (1 + 0)*1. Suppose -3*p + i*p = 0. Let k(n) = 6*n**2 - 9*n - 1. Let y(v) = -v**2 + 2*v + 1. Let q(w) = k(w) + 5*y(w). Determine q(p).
4
Let u(q) be the second derivative of -4*q**2 + 0 - 1/6*q**3 - 27*q. Determine u(-4).
-4
Suppose u + 2*q - 24 = -u, 5*q = u. Suppose h + 3 - u = 0. Let o(i) = 6*i**2 - 2*i + 4. Let c(s) = -s**2 - s. Let k(f) = -5*c(f) - o(f). Give k(h).
-4
Let a = -10 - -16. Let h(m) = 2 + 2*m**3 - 11*m + a*m + 6*m + m**2. Calculate h(2).
24
Let d(a) be the third derivative of -a**4/4 + a**3/6 - 9*a**2. Let v(x) = -x**2 - 2*x + 9. Let s be v(-4). Calculate d(s).
-5
Let r(h) be the third derivative of 0*h + 1/24*h**4 + 0 + 5*h**2 - 1/3*h**3. Give r(6).
4
Suppose -4*v = -2*v - 8. Suppose -2*j = -2 - v. Let h(s) = 97*s - 53*s - s**2 + j - 43*s. Determine h(3).
-3
Let b be -3*(0 + 1/(-3)). Suppose 0*r - 2*f = r + b, -4*f + 4 = -4*r. Let z(m) = -3*m + 1. What is z(r)?
4
Let v(u) be the second derivative of u**8/6720 - u**7/504 - u**6/90 - 13*u**4/6 - 8*u. Let i(x) be the third derivative of v(x). What is i(6)?
-12
Let n(b) = 2*b + 22. Suppose -3*c - 92 = -65. Calculate n(c).
4
Let f = 64 + -68. Let u(h) = h**3 + 3*h**2 - 2. What is u(f)?
-18
Let o(i) be the first derivative of -i**2 + 1. Let b(g) = -g - 2. Let y be b(-6). Suppose 4*k = 4*h - 28, y*k + 10 = -0*h - 2*h. Give o(h).
-6
Let g(l) = l**3 - 5*l**2 + l - 4. Let p be (-4)/5 + (-19)/(-5). Give g(p).
-19
Let q be (-2 - 2)*8/((-160)/15). Let t(d) = -2*d**3 + 4*d**2 - d + 6. Give t(q).
-15
Let r(j) = 3*j. Let b(w) be the first derivative of w**4/4 + 5*w**3/3 - w**2/2 + 6*w - 3. Let k be b(-5). Let v = 9 - k. Calculate r(v).
-6
Let i(b) be the first derivative of 4*b + 1/4*b**4 + 7/2*b**2 - 2 + 7/3*b**3. Suppose -f + 24 - 30 = 0. Calculate i(f).
-2
Let s be (-6)/(-15)*(4 + 1) + 85. Let c = s - 80. Let m(g) = -g + 4. Calculate m(c).
-3
Let i(y) be the first derivative of -3/2*y**2 + 0*y + 17 + 2/3*y**3 - 1/4*y**4. Determine i(3).
-18
Let k(a) = a**3 + 4*a**2 - 8*a - 11. Let s be k(-5). Let c(z) = -4 + z + 8 - s*z. Suppose 0 = 2*b - 8, -5*p + 2*p - 11 = -5*b. Calculate c(p).
-5
Let s(y) be the third derivative of -y**6/120 + y**5/20 + y**4/24 - 2*y**2. Let i be 3/(-2)*1*(3 + -5). Let z be s(i). Let a(h) = h**2 - 4*h - 1. What is a(z)?
-4
Suppose 0 = 2*s + 4*w - 2*w - 22, 0 = s - 5*w + 19. Suppose 6 = b + 3*o - 0, -3*b = o + s. Let n(h) = 7*h - h**2 - 4*h - 2*h - 5*h - 1. What is n(b)?
2
Let i(m) = 23*m**3 - m + 1 - 22*m**3 - 19*m**2 + 18*m**2 + m. Calculate i(2).
5
Let r = 5 - 4. Let u(c) = r - 2*c + 0 + c - 2. Suppose -3*s - 13*i = -9*i - 32, 3*i = 15. What is u(s)?
-5
Let x(y) = -6*y + 3. Let s be x(-5). Suppose -67 = 10*t + s. Let m(p) = p**3 + 11*p**2 + 11*p + 4. What is m(t)?
-6
Let l(g) be the second derivative of 0*g**2 + 5*g + 1/3*g**3 + 0. Determine l(-3).
-6
Let j(a) = -2*a**3 + a + 1. Let p be j(-1). Let y(i) = -2*i**3 + 4*i**2 - 2*i. Calculate y(p).
-4
Let r(w) = -w - 1. Let l(f) = -2*f**2 - 3*f - 1. Let g(q) = -l(q) + 4*r(q). Determine g(-3).
18
Let y(f) = 5*f**3 + f**2 - f - 1. Let z = -12 - -20. Let p be (z/(-16))/((-1)/(-2)). Give y(p).
-4
Let n(x) = x**2 + 4 - 4 + 2 + 1 - 8*x. Let z(w) = 7*w**2 + 4*w + 4. Let p be z(-3). Suppose 5*q = 3*g - 13 + p, 5*g = 3*q - 38. Give n(q).
-9
Let x(y) be the second derivative of 7*y**4/6 - y**3/3 - y**2/2 - 19*y. Let l(o) = -3*o**3 + o**2 + o. Let b be l(-1). Suppose b*a = -1 - 2. Determine x(a).
15
Let i(w) = 60 + 60 + 3*w - 115 - 4*w. Let t be ((-1)/(-3))/(5/90). Give i(t).
-1
Let c(x) = 2*x**2 - 7*x - 5. Suppose 108 = 11*w + 7*w. Give c(w).
25
Let j(n) be the first derivative of 2/3*n**3 + n**2 + n + 4 - 5/2*n**4. Suppose 0 = -2*t - 3 + 1. Give j(t).
11
Let j(q) be the second derivative of 0 - 5/6*q**3 + 0*q**2 + 1/120*q**5 + 3*q - 1/6*q**4. Let v(g) be the second derivative of j(g). What is v(6)?
2
Let o(i) be the second derivative of -i**3/3 - 9*i**2/2 + i. Suppose -18*u - 42*u - 420 = 0. Determine o(u).
5
Let o(h) = -h**3 + 8*h**2 - 18*h + 23. Let f be o(6). Let k(v) = -v**2 - 16*v - 10. What is k(f)?
29
Suppose -2 + 34 = 16*v. Suppose -v*a = -p - 4, -21 = p + a - 2. Let g(o) = -o - 17. Give g(p).
-3
Let r(a) be the first derivative of a - 5/3*a**3 + 1 + 0*a**2. Give r(1).
-4
Let o be -9*((-1)/9)/((-7)/42). Let f(c) = c**2 + 4*c - 8. Calculate f(o).
4
Let m(g) = 20*g + 21*g + 22*g - 62*g + 2. Calculate m(-4).
-2
Let q(u) = -u**2 - 6*u + 8. Let t(k) = 2*k + 26. Let d be t(-14). Let c be d/(-1 + 9/7). What is q(c)?
1
Let r = -90 - -91. Let y(a) = 2*a**3 - 2*a + 2. What is y(r)?
2
Let r(m) = 14*m**3 - 3*m**2 + m + 3. Let b(w) = 42*w**3 - 11*w**2 + 4*w + 10. Let q(s) = -2*b(s) + 7*r(s). Give q(1).
15
Suppose -t = -l, -t = 5*l + 6 - 0. Let b be 3/(3/(-6)*l). Suppose -3*d = -r - 13, 0*r = 2*r + 2*d - b. Let x(v) = 11*v**2 + v + 1. Give x(r).
11
Let d = -24 - -32. Let x be -1 + 8*4/d. Suppose z - 3*s + 3 - 25 = 0, -3*z - x*s + 6 = 0. Let r(v) = -v + 13. Calculate r(z).
6
Let r be 18/15*5/(-2). Let w(b) = 0*b - b + 2 + 1 + 3*b. Let m(z) = -4*z - 5. Let d(s) = -4*m(s) - 7*w(s). Determine d(r).
-7
Let o(s) be the first derivative of -s**3/3 - 2*s**2 - 4*s + 140. Determine o(-3).
-1
Let a be 3/(-2) - 213/6. Let b = -34 - a. Suppose -5*p - 2*g + b = 2, g = 3*p - 5. Let y(l) = -l**3 + l. What is y(p)?
0
Let h be 5/15 + (-6)/(-9) + 3. Let i(q) = 2*q**2 - 4*q + 2. Determine i(h).
18
Let u(n) be the first derivative of -9/2*n**2 + 1/3*n**3 + n + 2. Give u(6).
-17
Let o(i) be the second derivative of i**4/4 - i**3/3 - i**2 - 456*i. Calculate o(2).
6
Suppose -k = -4*k - 9. Suppose -2*i = -4*o + 6, 3*o - 4 = i + i. Let p(g) = -2 + 12*g + 6*g + g**3 + 2*g**o - 21*g. What is p(k)?
-2
Let y = -243 + 250. 